{"id":288,"date":"2011-06-11T19:55:59","date_gmt":"2011-06-11T18:55:59","guid":{"rendered":"http:\/\/clubsublimoges.wordpress.com\/?page_id=288"},"modified":"2018-10-15T11:08:11","modified_gmt":"2018-10-15T09:08:11","slug":"civaux","status":"publish","type":"page","link":"https:\/\/clubsublimoges.fr\/?page_id=288","title":{"rendered":"Civaux"},"content":{"rendered":"<p><iframe loading=\"lazy\" src=\"https:\/\/maps.google.fr\/maps?f=d&amp;source=s_d&amp;saddr=46.449833,0.665349&amp;daddr=45.846690,+1.242280&amp;geocode=&amp;sll=46.449693,0.665467&amp;sspn=0.002532,0.007725&amp;t=h&amp;hl=fr&amp;mra=me&amp;mrsp=0,1&amp;sz=18&amp;ie=UTF8&amp;ll=46.449693,0.665467&amp;spn=0.002532,0.007725&amp;output=embed\" width=\"425\" height=\"350\" frameborder=\"0\" marginwidth=\"0\" marginheight=\"0\" scrolling=\"no\"><span style=\"display: inline-block; width: 0px; overflow: hidden; line-height: 0;\" data-mce-type=\"bookmark\" class=\"mce_SELRES_start\">\ufeff<\/span><\/iframe><br \/>\n<small><a style=\"color: #0000ff; text-align: left;\" href=\"https:\/\/maps.google.fr\/maps?f=d&amp;source=embed&amp;saddr=46.449833,0.665349&amp;daddr=45.846690,+1.242280&amp;geocode=&amp;sll=46.449693,0.665467&amp;sspn=0.002532,0.007725&amp;t=h&amp;hl=fr&amp;mra=me&amp;mrsp=0,1&amp;sz=18&amp;ie=UTF8&amp;ll=46.449693,0.665467&amp;spn=0.002532,0.007725\">Agrandir le plan<\/a><\/small><\/p>\n<div>\n<p>&nbsp;<\/p>\n<p>Le CSL organise parfois des plong\u00e9es \u00e0 la fosse de civaux afin de finaliser les niveaux pr\u00e9par\u00e9s en piscine<\/p>\n<p>Cela permet aux d\u00e9butant d\u2019avoir une\u00a0premi\u00e8re\u00a0approche de la profondeur (20m) mais aussi d\u2019avoir d\u2019autre sensations.<\/p>\n<p>Les inscriptions se font a l\u2019aide d\u2019un formulaire en ligne quelque temps avant chaque sortie.<\/p>\n<p><img decoding=\"async\" src=\"http:\/\/www.vert-marine.com\/abyssea-civaux-86\/images\/abyssea-civaux-86-presentation.jpg\" alt=\"Abyssea - Civaux\" \/><\/p>\n<p>Situ\u00e9 dans la Vienne, entre Poitiers et Limoges, ABYSSEA est un des tr\u00e8s rares complexes sport et loisirs de France \u00e9quip\u00e9 pour les personnes \u00e0 mobilit\u00e9 r\u00e9duite qui rassemble un centre aquatique complet, un espace baln\u00e9oth\u00e9rapie, des activit\u00e9s pour tous, un bowling 8 pistes snack\/bar, salle de jeux et un ensemble d\u2019\u00e9quipements de plong\u00e9e incomparable. Sa sp\u00e9cificit\u00e9 ? Une fosse de -20 m\u00e8tres, soit un v\u00e9ritable site artificiel permettant l\u2019apprentissage et le perfectionnement en toute s\u00e9curit\u00e9 jusqu\u2019au niveau 4 de plong\u00e9e subaquatique. Irr\u00e9alisable habituellement en piscine en raison du manque de profondeur !<\/p>\n<p><img decoding=\"async\" src=\"http:\/\/www.vert-marine.com\/abyssea-civaux-86\/images\/abyssea-civaux-86-presentation-71.jpg\" alt=\"Abyssea - Civaux : Le centre de plong\u00e9e\" \/><strong>ABYSSEA dispose d\u2019un des tr\u00e8s rares sites artificiels en France, avec une fosse de plong\u00e9e de 20 m, un bassin d\u2019espace proche de 5 m de profondeur, une salle de cours \u00e9quip\u00e9e, une station de gonflage, vestiaires ind\u00e9pendants, acc\u00e8s handicap\u00e9s, moniteur dipl\u00f4m\u00e9 d\u2019\u00e9tat, \u00e9quipements fournis (bouteilles, d\u00e9tendeurs, PMT, gilets, combinaisons\u2026) Acc\u00e8s possible aux autres installations du complexe.<\/strong><strong><br \/>\n<\/strong>&#8211; Fosse de plong\u00e9e de 20 m<br \/>\n&#8211; Bassin d\u2019espace proche de 5 m<br \/>\n&#8211; Salle de cours \u00e9quip\u00e9e<br \/>\n&#8211; Station de gonflage<\/p>\n<\/div>\n","protected":false},"excerpt":{"rendered":"<p>\ufeff Agrandir le plan &nbsp; Le CSL organise parfois des plong\u00e9es \u00e0 la fosse de civaux afin de finaliser les niveaux pr\u00e9par\u00e9s en piscine Cela permet aux d\u00e9butant d\u2019avoir une\u00a0premi\u00e8re\u00a0approche de la profondeur (20m) mais aussi d\u2019avoir d\u2019autre sensations. Les inscriptions se font a l\u2019aide d\u2019un formulaire en ligne quelque temps avant chaque sortie. Situ\u00e9 [&hellip;]<\/p>\n","protected":false},"author":1,"featured_media":0,"parent":28,"menu_order":40,"comment_status":"closed","ping_status":"closed","template":"","meta":{"_crdt_document":"","site-sidebar-layout":"default","site-content-layout":"","ast-site-content-layout":"default","site-content-style":"default","site-sidebar-style":"default","ast-global-header-display":"","ast-banner-title-visibility":"","ast-main-header-display":"","ast-hfb-above-header-display":"","ast-hfb-below-header-display":"","ast-hfb-mobile-header-display":"","site-post-title":"","ast-breadcrumbs-content":"","ast-featured-img":"","footer-sml-layout":"","ast-disable-related-posts":"","theme-transparent-header-meta":"","adv-header-id-meta":"","stick-header-meta":"","header-above-stick-meta":"","header-main-stick-meta":"","header-below-stick-meta":"","astra-migrate-meta-layouts":"default","ast-page-background-enabled":"default","ast-page-background-meta":{"desktop":{"background-color":"","background-image":"","background-repeat":"repeat","background-position":"center center","background-size":"auto","background-attachment":"scroll","background-type":"","background-media":"","overlay-type":"","overlay-color":"","overlay-opacity":"","overlay-gradient":""},"tablet":{"background-color":"","background-image":"","background-repeat":"repeat","background-position":"center center","background-size":"auto","background-attachment":"scroll","background-type":"","background-media":"","overlay-type":"","overlay-color":"","overlay-opacity":"","overlay-gradient":""},"mobile":{"background-color":"","background-image":"","background-repeat":"repeat","background-position":"center center","background-size":"auto","background-attachment":"scroll","background-type":"","background-media":"","overlay-type":"","overlay-color":"","overlay-opacity":"","overlay-gradient":""}},"ast-content-background-meta":{"desktop":{"background-color":"var(--ast-global-color-5)","background-image":"","background-repeat":"repeat","background-position":"center center","background-size":"auto","background-attachment":"scroll","background-type":"","background-media":"","overlay-type":"","overlay-color":"","overlay-opacity":"","overlay-gradient":""},"tablet":{"background-color":"var(--ast-global-color-5)","background-image":"","background-repeat":"repeat","background-position":"center center","background-size":"auto","background-attachment":"scroll","background-type":"","background-media":"","overlay-type":"","overlay-color":"","overlay-opacity":"","overlay-gradient":""},"mobile":{"background-color":"var(--ast-global-color-5)","background-image":"","background-repeat":"repeat","background-position":"center center","background-size":"auto","background-attachment":"scroll","background-type":"","background-media":"","overlay-type":"","overlay-color":"","overlay-opacity":"","overlay-gradient":""}},"footnotes":""},"class_list":["post-288","page","type-page","status-publish","hentry"],"_links":{"self":[{"href":"https:\/\/clubsublimoges.fr\/index.php?rest_route=\/wp\/v2\/pages\/288","targetHints":{"allow":["GET"]}}],"collection":[{"href":"https:\/\/clubsublimoges.fr\/index.php?rest_route=\/wp\/v2\/pages"}],"about":[{"href":"https:\/\/clubsublimoges.fr\/index.php?rest_route=\/wp\/v2\/types\/page"}],"author":[{"embeddable":true,"href":"https:\/\/clubsublimoges.fr\/index.php?rest_route=\/wp\/v2\/users\/1"}],"replies":[{"embeddable":true,"href":"https:\/\/clubsublimoges.fr\/index.php?rest_route=%2Fwp%2Fv2%2Fcomments&post=288"}],"version-history":[{"count":8,"href":"https:\/\/clubsublimoges.fr\/index.php?rest_route=\/wp\/v2\/pages\/288\/revisions"}],"predecessor-version":[{"id":6004,"href":"https:\/\/clubsublimoges.fr\/index.php?rest_route=\/wp\/v2\/pages\/288\/revisions\/6004"}],"up":[{"embeddable":true,"href":"https:\/\/clubsublimoges.fr\/index.php?rest_route=\/wp\/v2\/pages\/28"}],"wp:attachment":[{"href":"https:\/\/clubsublimoges.fr\/index.php?rest_route=%2Fwp%2Fv2%2Fmedia&parent=288"}],"curies":[{"name":"wp","href":"https:\/\/api.w.org\/{rel}","templated":true}]}}